 b(z) = z**3 + 256*z**2 - 1641*z + 432. What is b(6)?
18
Let k(w) = w**3 - 8*w**2 + 265*w - 2839. What is k(10)?
11
Let x(a) = -2*a**3 + 62*a**2 + 48*a + 714. Determine x(32).
202
Let u(t) = t**2 + 22289*t + 155975. Determine u(-7).
1
Let i(k) = 26*k**2 + 6075*k - 8219. Give i(-235).
6
Let x(d) = 3*d**3 - 26*d**2 - 186*d + 1220. What is x(5)?
15
Let k(h) = 745*h**2 - 3007*h + 111. Determine k(4).
3
Let w(x) = -65319*x**2 + 4*x - 2. Give w(0).
-2
Let r(f) = 2*f**3 + 658*f**2 + 664*f + 2616. Give r(-328).
-8
Let t(v) = -10*v**2 - 541*v - 3192. Calculate t(-6).
-306
Let m(u) = u**3 + 289*u**2 + 162*u - 199062. Give m(-286).
-6
Let b(s) = -3*s**3 - 17*s**2 - 206*s - 51. What is b(-8)?
2045
Let v(o) = -29793*o - 387294. Determine v(-13).
15
Let a(f) = -2*f**3 + 1018*f**2 - 1007*f - 4674. Calculate a(508).
-102
Let k(s) = 506*s**3 - 2529*s**2 + 28*s - 100. What is k(5)?
65
Let r(g) = 2*g**2 + 855*g - 4759. Determine r(-433).
4
Let b(x) = -20655*x - 784808. Calculate b(-38).
82
Let g(c) = 4016*c - 618554. Give g(154).
-90
Let y(j) = -j**3 + 62*j**2 + 139*j - 628. Calculate y(64).
76
Let h(t) = 271*t**2 - 1080*t - 4. Determine h(4).
12
Let b(l) = 16*l**3 - 109*l**2 + 417*l + 15. Calculate b(4).
963
Let w(m) = -m**2 - 4011*m + 470248. What is w(114)?
-2
Let h(s) = -1792*s - 87840. Give h(-49).
-32
Let x(m) = -m**2 + 711*m - 19307. Determine x(28).
-183
Let d(g) = -2*g**2 - 885*g + 6742. Determine d(-450).
-8
Let x(t) = 34*t**3 + 246*t**2 - 516*t - 1. Give x(2).
223
Let w(q) = -209*q**2 + 5215*q + 415. Calculate w(25).
165
Let o(g) = -4258*g - 187358. Calculate o(-44).
-6
Let w(h) = -6*h**2 + 10*h - 122. Determine w(16).
-1498
Let j(h) = -887*h - 20455. Determine j(-23).
-54
Let j(m) = -m**3 + 830*m**2 - 41890*m - 10854. Determine j(776).
10
Let q(c) = c**2 - 47543*c + 1235483. Give q(26).
41
Let j(h) = -21*h**2 - 386*h - 1570. Give j(-6).
-10
Let w(b) = 23564*b - 184. What is w(0)?
-184
Let j(s) = -s**3 + 1728*s**2 - 623995*s - 1223. What is j(1214)?
-9
Let q(m) = -2*m**2 - 84*m + 1749. Determine q(15).
39
Let q(r) = 1303*r + 90976. Calculate q(-70).
-234
Let l(h) = -h**3 - 8*h**2 + 363*h + 391. Give l(-23).
-23
Let b(r) = 6*r**2 - 7197*r - 28808. Give b(-4).
76
Let a(k) = 291*k - 19556. What is a(67)?
-59
Let s(r) = 12713*r + 139833. Calculate s(-11).
-10
Let n(q) = 2*q**3 - 262*q**2 - 7*q + 588. Calculate n(131).
-329
Let z(r) = -3536*r + 541004. Determine z(153).
-4
Let t(y) = 1499189*y - 8995122. What is t(6)?
12
Let s(m) = -m**3 - 24*m**2 - 821*m - 12849. Determine s(-18).
-15
Let x(j) = 8201*j - 16399. Calculate x(2).
3
Let r(v) = v**2 + 265*v + 17574. Give r(-131).
20
Let i(g) = g**3 + 13*g**2 - 3496*g - 127. Determine i(53).
-21
Let o(x) = x**3 - x**2 + 3138*x - 88557. Calculate o(24).
3
Let o(n) = -121*n**2 - 1280*n + 2061. Determine o(-12).
-3
Let b(d) = -7*d**3 + 119*d**2 - 48*d + 22. Determine b(17).
-794
Let a(o) = -9933*o + 60664. What is a(6)?
1066
Let b(g) = -201*g - 53458. Give b(-267).
209
Let y(z) = z**3 - 57*z**2 + 3413*z - 201415. What is y(58)?
-97
Let y(w) = 3971*w - 222373. What is y(56)?
3
Let u(j) = j**3 + 74*j**2 + 1381*j + 36. Give u(-41).
-1112
Let q(f) = -f**3 - 8*f**2 - 326*f - 2257. Determine q(-7).
-24
Let u(n) = 10*n**3 - 212*n**2 + 600*n - 11715. Determine u(21).
3
Let b(j) = -j**3 + 60*j**2 - 857*j - 461. What is b(25)?
-11
Let q(i) = 11*i**2 + 17142*i + 327810. Determine q(-1539).
3
Let a(t) = 14*t**2 - 2992*t - 992154. What is a(-180)?
6
Let j(i) = -8*i**2 + 1355*i - 1136. Give j(168).
712
Let c(m) = m**3 - 30*m**2 + 101*m - 11. Determine c(3).
49
Let m(d) = 5*d**2 + 89*d - 786. What is m(-25)?
114
Let y(d) = -d**2 + 299*d + 27269. Determine y(-73).
113
Let p(r) = -51*r**2 + 390*r - 742. Give p(4).
2
Let b(t) = 228*t + 2421. Determine b(-7).
825
Let a(q) = -549*q - 208741. What is a(-381)?
428
Let d(g) = -73*g**2 - 4627*g - 1750. Give d(-63).
14
Let d(w) = -7*w**2 - 485*w - 204. What is d(-70)?
-554
Let a(q) = -q**3 - 38*q**2 - 127*q - 10. What is a(-4)?
-46
Let v(j) = j**3 + 42*j**2 + 58*j + 11442. Give v(-46).
310
Let h(p) = p**3 + 9*p**2 + 146*p + 940. Give h(-9).
-374
Let a(l) = -444*l + 53117. Calculate a(135).
-6823
Let h(d) = -8*d**2 + 3378*d + 382139. Give h(515).
9
Let l(x) = -2*x**2 + 902*x - 12636. Give l(14).
-400
Let b(n) = -n**3 - 5*n**2 + 54*n + 408. Give b(8).
8
Let t(r) = -225*r**3 - r**2 - 29*r + 33. What is t(1)?
-222
Let v(g) = -2*g**3 + 782*g**2 - 8*g + 3165. Give v(391).
37
Let d(y) = -12798*y - 231102. Calculate d(-18).
-738
Let b(m) = -m**3 + 4*m**2 + 318*m - 1331. Give b(17).
318
Let k(o) = 634*o**2 - 16*o + 10. What is k(0)?
10
Let a(c) = -132228*c + 793467. What is a(6)?
99
Let i(j) = 8*j**2 - 562*j - 13126. What is i(-23)?
4032
Let y(c) = -c**3 - 137*c**2 + 139*c + 125. What is y(-138)?
-13
Let f(c) = -c**3 - 17*c**2 + 1326*c + 14900. Calculate f(-11).
-412
Let c(h) = -132*h**2 + 2877*h - 8642. Determine c(3).
-1199
Let y(i) = -7*i**3 + 310*i**2 - 685*i + 516. Give y(42).
-30
Let p(m) = -3*m**3 + 57*m**2 - 339*m - 114. Calculate p(14).
-1920
Let w(r) = -r**3 + 5*r**2 - 234*r + 675. Calculate w(3).
-9
Let w(s) = -6623046*s + 3. Give w(0).
3
Let m(a) = 2*a**2 + 39*a - 7474. Calculate m(-73).
337
Let g(s) = -23810*s + 452511. Calculate g(19).
121
Let g(w) = -1232*w + 847612. Calculate g(688).
-4
Let h(l) = l**2 + 816*l + 55568. Calculate h(-75).
-7
Let x(p) = -p**2 - 55365*p + 8661297. What is x(156)?
21
Let d(w) = 2318*w + 55238. Calculate d(-24).
-394
Let y(u) = 2*u**3 - 31*u**2 - 597*u + 9280. What is y(17)?
-2
Let c(b) = 13201*b + 1412513. Determine c(-107).
6
Let g(i) = -i**3 + 93*i**2 - 187*i - 247. What is g(3)?
2
Let c(k) = 5*k**2 + 474*k + 4701. Calculate c(-83).
-196
Let k(m) = 31*m**2 - 987*m - 1206. Give k(33).
-18
Let r(y) = 301*y - 232109. Give r(771).
-38
Let a(l) = 34092*l + 6034310. Calculate a(-177).
26
Let t(y) = -y**3 + 110*y**2 + 246*y + 10538. Calculate t(113).
29
Let m(k) = 9245*k - 2117083. What is m(229)?
22
Let x(l) = -4236*l - 1546152. Determine x(-365).
-12
Let y(b) = b**3 + 44*b**2 + 356*b + 63. Give y(-10).
-97
Let y(v) = v**3 + 15*v**2 - 9*v - 526. What is y(-13)?
-71
Let j(k) = -1433*k + 8263. Give j(6).
-335
Let m(g) = -202*g + 15857. Give m(79).
-101
Let f(b) = -8*b**3 - 285*b**2 + 102*b + 446. Determine f(-36).
662
Let q(i) = 3*i**3 - 152*i**2 + 1932*i - 88. What is q(25)?
87
Let w(r) = -12448*r**2 + 74737*r - 277. Determine w(6).
17
Let f(t) = 672*t**2 + 10748*t - 60. Determine f(-16).
4
Let r(s) = -s**2 + 689*s - 49265. Determine r(81).
-17
Let w(q) = -54*q**2 + 1015*q + 156. Give w(19).
-53
Let f(o) = 2896*o + 60494. Give f(-21).
-322
Let m(x) = x**2 + 3746*x + 2315667. Determine m(-781).
2
Let b(g) = -g**3 + 55*g**2 + 782*g - 3647. Determine b(66).
49
Let k(u) = 4*u**3 + 3159*u**2 + 2366*u - 1097. Give k(-789).
-308
Let j(u) = 7*u**2 + 169*u + 106. Calculate j(-22).
-224
Let x(r) = 6*r**3 - 3*r**2 + 15*r - 11. What is x(1)?
7
Let r(u) = -633*u + 9517. Calculate r(15).
22
Let o(k) = 399*k + 41370. Determine o(-102).
672
Let w(s) = -s**3 - 187*s**2 - 3337*s + 315. Give w(-167).
-186
Let m(l) = 6*l**3 - 4*l**2 - 79*l - 513. Give m(-6).
-1479
Let t(g) = 4*g**3 + 128*g**2 - 164*g - 1054. What is t(-33)?
2
Let t(x) = 838*x**3 + 4*x**2 - 2. Give t(1).
840
Let x(j) = 2789592*j + 8368774. What is x(-3)?
-2
Let l(z) = -15156*z + 757697. What is l(50)?
-103
Let i(w) = -w**3 - 32*w**2 + 433*w - 214. What is i(10)?
-84
Let c(j) = 23340*j + 2217293. Calculate c(-95).
-7
Let s(i) = -i**3 + 231*i**2 - 110*i + 79732. Calculate s(232).
388
Let s(a) = 3*a**3 + 24*a**2 - 181*a + 263. Calculate s(3).
17
Let i(q) = -1763*q - 278558. Give i(-158).
-4
Let z(n) = n**3 - 14*n**2 - 4*n - 110. Determine z(13).
-331
Let v(x) = x**3 - 230*x**2 - 340*x + 25130. Determine v(231).
-49
Let y(s) = -4*s**2 + 1856*s - 12890. Calculate y(7).
-94
Let u(i) = -11*i**2 - 316*i + 838. What is u(3)?
-209
Let f(q) = -q**2 + 23*q + 6574. Determine f(-63).
1156
Let x(w) = -3*w**3 + 4*w**2 + 812*w - 4891. Give x(6).
-523
Let q(u) = 6*u**3 - 51*u**2 - 97*u + 965. Calculate q(8).
-3
Let z(w) = 25*w**2 + 48*w - 270. Calculate z(8).
1714
Let x(n) = -7514*n + 270504. What is x(36)?
0
Let o(g) = -207145*g + 2899984. Determine o(14).
-46
Let o(m) = -5006*m**2 + 10258*m + 11. Determine o(2).
503
Let r(